 when 53 is divided by t?
11
Let f = -13 + 57. Calculate the remainder when f + (-3 - -1)/2 is divided by 15.
13
Let n = 1 + 1. Suppose 2*h - 24 = -0*h + i, -24 = -n*h + 4*i. Let v = 32 - h. Calculate the remainder when v is divided by 11.
9
What is the remainder when 34 is divided by (-3)/((-15)/32) + 39/65?
6
Let z = -4 - -7. Suppose -t + 0*t = g - 7, 4*g - 29 = -z*t. Calculate the remainder when 14 is divided by g.
6
Let w(j) = 2*j - 3. What is the remainder when 54 is divided by w(7)?
10
Suppose 4*m = 2*z - 99 + 479, 97 = m - z. What is the remainder when m is divided by (2 + -1)*(-48)/(-2)?
21
Calculate the remainder when 5*((-4)/18 - 1982/(-90)) is divided by 37.
35
Let m be (3 - 1 - 0) + 1. Let w(u) = -u + 7. Let d be w(m). Suppose 0 = q - n - 11 - 3, 0 = 5*q + d*n - 25. Calculate the remainder when 25 is divided by q.
7
Let n(w) = -w + 5. Let m be n(0). Suppose m = -6*c + c. What is the remainder when 35 is divided by 12*((c - -1) + 1)?
11
Suppose -x = 3*x + 4, 4*x = 5*a - 74. Let p(q) = -41*q**3 + q + 1. Let o be p(-1). Suppose g = 2*g - o. Calculate the remainder when g is divided by a.
13
Suppose 0*i - 2*i = -4, 0 = 3*n + 5*i - 58. What is the remainder when 76 is divided by n?
12
What is the remainder when ((-6)/(-4))/((-3)/(-58)) is divided by 18?
11
Suppose 7*y - 4*y - 9 = 0. Suppose -5*f = -y*f - 138. What is the remainder when f is divided by 18?
15
Let z(r) = -3 - 2*r + r + 2*r + 4*r. Let w be (-1)/2 + 5/2. What is the remainder when 13 is divided by z(w)?
6
What is the remainder when 31 is divided by ((-30)/(-35))/(-1 + (-22)/(-21))?
13
Let y(c) = -c**3 + c + 6. Let q be y(0). Suppose -3*t + 0*t = -q. Calculate the remainder when 6 is divided by t.
0
Let s be 4/14 + 23/(-7). Suppose 11*h - 13*h = 2. Calculate the remainder when 9 is divided by (14 + -2)/(h - s).
3
Let z be (4/(-3))/(10/(-15)). Suppose z*k - o = -4*o + 74, -3*k - o = -111. Let r(u) = 8*u - 3. What is the remainder when k is divided by r(2)?
11
Let z(i) = -i - 1. Let n = 5 + 2. What is the remainder when n is divided by z(-5)?
3
Calculate the remainder when 36 is divided by 3*-1 + (4 - -12).
10
Calculate the remainder when -16*(3 + -2 + -4) is divided by 26.
22
Let u(j) = -11*j**3 + j**2 - j - 2. Let d be -1 + 1 + (-1 - 0). Calculate the remainder when u(d) is divided by 4.
3
Suppose c + 4*l + 2 = 2*c, -2*c + 2*l = -10. What is the remainder when 11 is divided by c?
5
Let m(p) = p**3 + 4*p**2 - 2*p. Let n(z) = 4*z + 4. Let y be n(-4). Let f = 26 + y. What is the remainder when f is divided by m(-4)?
6
Suppose -20 = -r - 3*r. What is the remainder when 15 is divided by r?
0
Suppose 5*b = 2*s - 51, b = -7*s + 4*s + 51. What is the remainder when s is divided by 5?
3
Suppose -4*m + 77 = -215. Calculate the remainder when m is divided by 15.
13
Let a = 36 - 20. Let m = -61 - -124. Calculate the remainder when m is divided by a.
15
What is the remainder when 32 is divided by 12/30 + 23/5?
2
Let t(c) = c - 1. Let w be t(3). Suppose -w*s - s = -51. Calculate the remainder when 63/6*(-28)/(-6) is divided by s.
15
Let h(y) = y**2 - 5*y + 1. What is the remainder when h(8) is divided by 13?
12
Let m(u) = -u**2 - 8*u - 2. Let i = 8 - 16. Let w be m(i). What is the remainder when 4/3*(1 - w) is divided by 3?
1
Suppose 0 = -3*i + 4*i - 5*y - 41, -2*y + 6 = i. What is the remainder when i is divided by 11?
5
Let r = 2 + -3. Calculate the remainder when (32/10)/(r/(-5)) is divided by 6.
4
Let p = 34 + -16. What is the remainder when p is divided by 7?
4
Let l(i) = i**3 + i**2 + 1. Let f be l(-1). Let o = 32 + f. What is the remainder when o is divided by 9?
6
Suppose -5*c + 3*h + 91 = h, 0 = 2*c + h - 31. Suppose -2*m + 0*m = -98. Calculate the remainder when m is divided by c.
15
Let i = 90 - 62. Calculate the remainder when i is divided by 15.
13
Suppose 0 = -3*f + 6, 0 = -5*z - 0*f + 3*f + 29. Suppose -28*n + 22*n + 162 = 0. Calculate the remainder when n is divided by z.
6
Calculate the remainder when (-1 - 0)*767/(-13) is divided by 20.
19
Let v(m) = -m - 8. Suppose q = -a + 9, 0 = 3*q - a + 2*a - 37. Calculate the remainder when q is divided by v(-13).
4
Let w = 21 - -8. Let v(a) = 16*a + 160. What is the remainder when w is divided by v(-9)?
13
Let o be (-106)/(-6) - 2/3. Let g = o - 12. Calculate the remainder when 13 is divided by g.
3
Let r = -3 - 0. Suppose -9*k = -4*k - 15. What is the remainder when k is divided by (-1)/3*2*r?
1
Suppose 0 = 5*k - k - 8. Suppose 4*m + k*o = -0*o + 2, 4*m + 4*o - 4 = 0. Suppose -3*f + b - 3*b = -5, f + b = m. What is the remainder when 13 is divided by f?
3
Suppose -x = -4*z + 296, -3*z = -5*x - 322 + 83. Let p = -36 + z. What is the remainder when p is divided by 13?
11
Let j = 35 - 25. Let i(y) = -14*y + 1. Let h(w) = -w. Let u(v) = 18*h(v) - 2*i(v). Calculate the remainder when u(4) is divided by j.
8
Let f(b) = -b**2 + 5*b + 3. Let s be f(5). Suppose -s*a - y + 52 = 0, -2*a - 18 = -2*y - 50. Let v = a - 6. Calculate the remainder when v is divided by 6.
5
Let f(k) = -3*k + 31. What is the remainder when f(6) is divided by 7?
6
Suppose 0 = 3*i - 8*i + 435. Suppose -2*f + 7*w - 2*w = -i, -4*f + 129 = -w. Calculate the remainder when f is divided by 8.
7
What is the remainder when 12 is divided by -4*6*(-3)/24?
0
Let n be (-107 - -4)/(-2 - -1). Let a = n - 34. Suppose -2*y + 6 = 0, 2*i - 3*y - a = -i. What is the remainder when i is divided by 7?
5
Suppose -2*h - 6 + 32 = 0. Calculate the remainder when (-2)/(-7) - (-514)/14 is divided by h.
11
Suppose -o - o = 10, -5*g = -2*o - 90. Let f be 38/8 + (-4)/(-16). Suppose 36 = f*w + 3*b, 2*b - 10 = -0*w - w. Calculate the remainder when g is divided by w.
4
Suppose 8 = -3*m + 119. What is the remainder when m is divided by 19?
18
Suppose -s = s - 8. Suppose s*x = 275 - 83. Calculate the remainder when x is divided by 25.
23
Let m(v) = 65*v**2 - 3*v - 3. What is the remainder when m(-1) is divided by 11?
10
Calculate the remainder when 4/(-14) + 970*3/42 is divided by 18.
15
Suppose 0 = 2*w + 5*r - 10, -2*w - r = 3*w - 71. Calculate the remainder when 87 is divided by w.
12
Suppose -5*s + z + 98 = 0, 4*s - 88 = -z + 5*z. Calculate the remainder when 34 is divided by s.
15
Calculate the remainder when 14 is divided by (-3)/(2 - -1) + 5.
2
Let y = 3 + 49. What is the remainder when y is divided by 6?
4
Let w(q) = -q + 18. Let l be w(12). Let u(b) = -2*b - 7. Let p be u(-5). Suppose -p*d + 24 = -l. What is the remainder when 29 is divided by d?
9
Let g(j) = 2*j**2 + 2*j + 5. Let k(s) = -8*s - 1. Let r(v) = -v**3 - 6*v**2 - 2. Let d be r(-6). Calculate the remainder when g(-4) is divided by k(d).
14
Let x = -71 - -80. What is the remainder when 16 is divided by x?
7
What is the remainder when (-2 - 1)/(-1)*(20 - 1) is divided by 20?
17
Suppose 3*w + w = 56. What is the remainder when w is divided by 3?
2
Let y be (28/(-6))/(4/30). Let p = y - -59. What is the remainder when 70 is divided by p?
22
Let p(w) = w**2 - w. Let d(i) = -5*i**2 - 4*i - 5. Let y(u) = d(u) + 3*p(u). Let a be y(-7). Let k = -20 - a. What is the remainder when k is divided by 18?
16
Suppose 5*d - 236 = -56. Calculate the remainder when d/(3/(-12)*-6) is divided by 13.
11
Suppose 0 = 7*o - 49 - 14. Calculate the remainder when 34 is divided by o.
7
Suppose 3*h - 3 = 6. Suppose h*r = 7 + 11. Let m(x) = 4*x - 4. Calculate the remainder when 58 is divided by m(r).
18
Let z(m) = 79*m - 8. Calculate the remainder when z(2) is divided by 22.
18
Suppose -2*f + 5*s = -0*f - 49, 11 = f + 2*s. What is the remainder when 48 is divided by f?
14
Let c(d) = 2*d**2 + 3*d + 1. Let n be 3*3/9 - -3. What is the remainder when c(n) is divided by 23?
22
Let g be (-6 - -1)/(0 + 1). Calculate the remainder when 15 is divided by (6/g)/((-15)/100).
7
Let h = 149 - 64. Calculate the remainder when h is divided by 30.
25
Let n be (-6)/(-33) + 2020/22. Let x = n + -29. What is the remainder when x is divided by 16?
15
Let d(s) = s**3 - 5*s**2 + 6*s - 4. Let z be d(4). Suppose v - 2 = -z*k, 5*v + 2*k - 8 = 2. What is the remainder when 4 is divided by v?
0
Let j = 8 - 5. Let c be 0 + (1 + 2 - j). Suppose -18 = -3*z - c. What is the remainder when z is divided by 2?
0
Let c = 56 + -35. What is the remainder when c is divided by 8?
5
Let k(u) =